 = -77*v - 66. Let c(u) = -17*m(u) - 6*p(u). Determine c(7).
-47
Let o(n) = 7646*n + 25 + 7639*n - 15286*n. Determine o(25).
0
Let s(h) = -h**3 + h**2 + 3*h - 4. Suppose -110*k - 16 = -112*k + 4*m, -2*m = k + 12. Determine s(k).
2
Suppose 6 = 10*l - 9*l. Suppose y = 5*g - 63, 0*g - 2*y + l = g. Suppose -16 + g = -h. Let k(j) = -j**2 + 6*j - 1. Determine k(h).
7
Let x = -9386 - -13491. Let h(b) = x*b - 7 + 8 - 4113*b. Calculate h(5).
-39
Suppose 7 - 13 = -3*p. Let j(l) = 4*l**3 - l. Let a be j(1). Let m(s) = -s + 3*s + 2*s + 5 + s**3 - a*s - s**p. What is m(0)?
5
Let j(t) = -12*t**2 - 6 - 32072*t - 3*t**3 + 2*t**3 + 32058*t. Determine j(-11).
27
Suppose -4*a + 319 = -2*f - f, 5*a = 5*f + 395. Let d = -75 + a. Let j(r) = 2*r - 13. What is j(d)?
1
Let z(n) = -4*n**2 - 11*n - 39. Let m(v) = v**2 + 2*v + 7. Let g(k) = 11*m(k) + 2*z(k). Let o(j) = -6*j**2 + j + 2. Let y(a) = 3*g(a) + 2*o(a). Calculate y(-2).
-15
Suppose 0 = 23*t + 132 + 98. Let g(p) = -14 - 2*p - p + 2*p. Determine g(t).
-4
Suppose 32*i + 456 = 8*i - 14*i. Let c(h) = -h**2 - 10*h - 30. What is c(i)?
-54
Let i be 4/(4/(-5)*130/52) - -6. Let x(k) = -5*k + 19. Determine x(i).
-1
Let v(i) = -5*i + 126. Suppose 4*f - 5*c = -7*c + 112, -5*c = -4*f + 70. Give v(f).
1
Suppose -498*x + 499*x = 3. Suppose 4*w + x*b + 33 = w, 5 = -w + 5*b. Let p(a) = a**3 + 9*a**2 - 9*a + 13. What is p(w)?
3
Let l = 6538 + -6538. Let u(o) = 4 + 6*o**3 - 5*o**3 - o + 2. Determine u(l).
6
Let t = -2/4241 + 4249/16964. Let m(g) be the first derivative of 2*g**2 + 4*g + 4/3*g**3 + 13 + t*g**4. Calculate m(-4).
-12
Let x(j) be the third derivative of j**5/60 - j**4/24 + 2*j**3/3 + 13*j**2 - 2*j + 310. Let l(k) = -k + 5. Let a be l(5). Calculate x(a).
4
Suppose 7*b + 103 = -13*b + 3. Let g(u) = -1 + 0 + 6 + 2*u. What is g(b)?
-5
Let t(o) = o**3 + 5*o**2 - 4*o + 8. Let v(n) = n**3 - 6*n**2 - 16*n - 6. Let x = -57 - -65. Suppose 0 = x*q - 2*q - 48. Let d be v(q). What is t(d)?
-4
Let g(q) be the first derivative of -14*q - 4*q**2 + 101 - 1/3*q**3. What is g(-6)?
-2
Let o = 12653 + -12650. Let a(l) = l**3 + 2*l**2 - 8*l + 27. Calculate a(o).
48
Suppose 0 = 77*x - 79*x + 4*q - 26, 2*q = -2*x - 2. Let t(d) = 24*d + 118. Calculate t(x).
-2
Let f(x) = 2*x**2 + 3*x - 14. Let u(b) = -69*b - 7801. Let c be u(-113). What is f(c)?
6
Let d(s) = -43*s**2 - 31*s. Let h(a) = -16*a**2 - 10*a. Let j(l) = -3*d(l) + 8*h(l). What is j(-13)?
0
Let t(r) = 317*r**3 + 4*r + 9*r**2 - 27 + 417*r**3 - 735*r**3. What is t(9)?
9
Let a be 1589/(-10920) + (6/(-13))/(60/(-20)). Let i(b) be the third derivative of -41*b**2 - 1/30*b**5 + 0*b + 1/6*b**3 + a*b**6 + 0 - 1/8*b**4. Give i(3).
1
Let o be (12/14)/(2 + (-52)/28). Let l(h) = o - 18*h**2 + 37*h**2 + h**3 - 19*h**2. What is l(0)?
6
Let k(z) = -33*z**2 - 39000*z**3 + 19501*z**3 - 6*z - 181 + 19501*z**3. Give k(17).
6
Let f(z) = 240*z - 15407. Let m be f(64). Let y(k) = -k**2 - 69*k - 1028. Determine y(m).
6
Suppose 0 = -18*y + 29922 - 29760. Let o(m) = -m**3 + 9*m**2 - 2*m + 21. Determine o(y).
3
Let p(d) = d**3 - 8*d**2 - 37*d - 140. Let v be p(12). Let r(o) = -o**3 - 7*o**2 + 4*o - 21. What is r(v)?
11
Let j = 2 + 2. Suppose -15 + 40 = -5*x + 4*m, j*x = -4*m - 20. Let y(w) be the first derivative of -w**4/4 - 4*w**3/3 + 2*w**2 - 6*w + 1047. Determine y(x).
-1
Let s(h) = -h**3 - 18*h**2 - h - 18. Suppose 319 + 1840 + 1 = -120*o. What is s(o)?
0
Let z(t) be the second derivative of -t**2 - 10*t + 1/6*t**3 - 1/6*t**4 + 0. Let v(l) be the first derivative of z(l). Calculate v(3).
-11
Let r be (6*6/20)/((-5)/(-25)). Let d = -4 + 5. Let y(g) = g + 0 - 4 - 3 + d. Determine y(r).
3
Let t(s) = -3 - 2*s - s**3 + 5*s**2 + 7 - 7. Let o be t(4). Let p(m) = -m**2 + 2*m. What is p(o)?
-15
Suppose 0 = -5*f - 0*f + 20, -5*m + 3*f - 17 = 0. Let w be ((-1)/((-6)/(-18)))/m. Let r(p) = p - 2. Determine r(w).
1
Let l(t) = -3*t**2 - 23*t - 37. Let f(j) = -4*j**2 - 26*j - 35. Let a(o) = 2*f(o) - 3*l(o). Calculate a(-14).
-1
Let h(r) = -r**2 - 16*r - 33. Let n(m) = 182*m - 16. Let g be n(0). What is h(g)?
-33
Let h = -148 + -36. Let b be (-2)/16 + (-23)/h. Let y(l) = l + 9. What is y(b)?
9
Let z(l) be the third derivative of l**4/24 + l**3/6 + 19*l**2. Let u(h) = -20*h**2 - 126*h - 29. Let q be u(-6). What is z(q)?
8
Let j(i) = -i. Suppose 187 = 5*l - 4*a + 22, 3*a - 72 = -3*l. Let g = l - 27. Suppose -3*m = m + 20, 2*b + g*m = 6. Calculate j(b).
-8
Let x(l) = l**3 + 5*l**2 - 6*l - 3. Let a(d) = d**2 - 3*d - 5. Let g be a(3). Let t(y) = y**2 + 3*y + 3. Let v be t(g). Suppose 3*r = -5 - v. What is x(r)?
-3
Let j(f) be the first derivative of -f**4/4 - f**3 - f**2/2 + 5*f - 11442. Give j(-3).
8
Suppose -3*o - o + 16 = 0. Let y(p) be the third derivative of p**6/60 - p**5/12 - p**4/6 + p**3/2 - 443*p**2 + 8. Calculate y(o).
35
Let t(x) = x**3 - x**2 - 48*x - 51. Let y be t(8). Let v(j) = 4*j**2 - 50*j - 30. Determine v(y).
-4
Suppose 4*z - 97 = -5*b, -3*z - b + 59 = -0*z. Let g(f) = -f**3 + 19*f**2 - 18*f - 4. Let s be g(z). Let j(l) = l**2 + 4*l + 2. What is j(s)?
2
Let h(s) = -5*s + 100. Let q(p) = 20*p - 434. Let d(b) = -9*h(b) - 2*q(b). What is d(7)?
3
Let p(a) be the second derivative of a**3/6 - 3*a**2/2 - 30*a. Let b be 1/(-6) + 598/(-156). Give p(b).
-7
Let w(a) = -2*a**3 + 4*a**2 + 3*a - 4. Let c = 81 + -77. Give w(c).
-56
Let i(n) = 455*n**2 - 16 - 73 - 2*n - 8*n - 14 - 454*n**2. Determine i(16).
-7
Let r(v) be the third derivative of -v**6/120 + 7*v**5/60 - v**4/4 - v**3/3 - v**2. Let q(u) = -139*u + 6. Let p be q(0). What is r(p)?
-2
Let o(c) = -4*c**2 - 5*c - 1. Let n(l) = 13 - 34*l + 10*l + 13*l + 10*l. Let k be n(17). Determine o(k).
-45
Suppose 8*j + 8640 = 23*j. Let c = j + -576. Let w(y) be the third derivative of y**4/24 - 5*y**3/2 - y**2. Determine w(c).
-15
Suppose 0*b = -5*b - 20. Let m(d) be the third derivative of 1/4*d**4 - 67*d**2 + 1/6*d**3 - 1/20*d**5 + 0 + 0*d - 1/120*d**6. Determine m(b).
-7
Let u be -34*((-12)/30 - (-2)/(-20)). Let z = -12 + u. Suppose 0 = z*h - 5*i, i - 1 = -2*h + 2. Let k(o) = 9*o. What is k(h)?
9
Let c(k) = -20*k**3 - 2*k**2 - k. Let l be (-21 - -16)*(0 + 78/10). Let h = 38 + l. Give c(h).
19
Let t(j) be the second derivative of -j**5/60 + 5*j**4/24 + 7*j**3/6 - 71*j**2/2 + 4*j - 2. Let k(p) be the first derivative of t(p). Calculate k(7).
-7
Let w be (-7 + (-49)/(-7))/(2*-1). Let l(p) be the second derivative of -5*p + 1/6*p**3 - 2*p**2 + 0. Calculate l(w).
-4
Let k(i) = -i**3 - 7*i**2 + 9*i - 8. Let y = 482 + -466. Suppose 106*p + y = 104*p. Calculate k(p).
-16
Let x(k) = 12*k**2 - 50*k - 28. Let f(g) = -12*g - 2. Let i(z) = -10*f(z) + x(z). Calculate i(-6).
4
Let a(i) be the first derivative of -i**4/4 + 9*i**3 + 3*i**2/2 - 81*i - 1494. Determine a(27).
0
Let f(h) be the third derivative of -1/8*h**4 + 4*h**2 + 0*h + 0 - 1/2*h**3 - 1/60*h**5. Let m be 400/350 + (-36)/7. Calculate f(m).
-7
Let b(p) = 7*p - 1. Let i(w) = 16*w + 6. Let m(z) = 5*b(z) - 3*i(z). Give m(-1).
-10
Let u(y) = -38*y**2 - 27*y - y**3 - 28*y**2 + 72*y**2 + 7*y**2 + 11. What is u(11)?
-44
Let x(t) = -104 - 142*t**2 - 16*t + 67*t**2 - 7*t + 74*t**2. Determine x(-14).
22
Suppose -2*n - 12 - 24 = 0. Let b be ((4 + -5)*1)/((-6)/n). Let l(r) = 2*r**2 + r - 5. What is l(b)?
10
Suppose n = -5*j - 21, -4*j + 0*n - 15 = -n. Let v = -13 + 8. Let r(c) = c**2 + 4*c + 4. Let p(w) = -w**2 - 4*w - 5. Let y(l) = v*r(l) - 4*p(l). Determine y(j).
0
Let a = 43 + -39. Suppose 357 + 346 = a*z - x, -4*x = -4. Let n(b) = z*b**2 - 175*b**2 + b - 4 + 6*b. Determine n(-6).
-10
Let f(d) be the second derivative of d**5/60 - 13*d**4/24 + 3*d**3/2 - 93*d**2/2 - 76*d. Let i(b) be the first derivative of f(b). Calculate i(9).
-27
Let n(q) = q - 9. Let x be n(8). Let s(d) = 84*d + 18. Let r(p) = 24*p + 5. Let j(f) = 18*r(f) - 5*s(f). Determine j(x).
-12
Let q(l) = l**2 - 13*l + 6. Let z(p) = 23*p - 2*p**2 - 8 + 2*p - 4. Let y(x) = -5*q(x) - 3*z(x). Let w be ((-2)/3)/(13/(6318/(-36))). Give y(w).
-3
Let v = -3530 + 3535. Let s(c) = 6*c - 15. Calculate s(v).
15
Suppose 5*v = -5*n + 10*n - 660, -4*v - 534 = -2*n. Let l = -142 - v. Let j(m) = -4*m - 6. Determine j(l).
22
Let l(q) = q**3 - 7*q. Let g(t) = -t**3 + 10*t**2 - 46*t + 242. Let w be g(8). Determine l(w).
-6
Let u = 103 - 78. Suppose -2*q = -u + 13. Let v(r) = r**2 - 6*